4?
133
Calculate the remainder when 3163827 is divided by 692.
3
Calculate the remainder when 441835 is divided by 761.
455
What is the remainder when 145225 is divided by 350?
325
Calculate the remainder when 6946056 is divided by 1157665.
66
Calculate the remainder when 6805783 is divided by 3145.
3
Calculate the remainder when 11640978 is divided by 1026.
1008
What is the remainder when 455197 is divided by 14398?
8859
What is the remainder when 177617 is divided by 9344?
81
What is the remainder when 4368989 is divided by 1884?
1877
Calculate the remainder when 477909 is divided by 1153.
567
Calculate the remainder when 1161565 is divided by 50500.
65
What is the remainder when 12333594 is divided by 560600?
394
Calculate the remainder when 9189642 is divided by 658.
14
What is the remainder when 8172324 is divided by 13758?
72
Calculate the remainder when 1242362 is divided by 155292.
26
Calculate the remainder when 19776037 is divided by 45254.
39
What is the remainder when 1571761 is divided by 118?
1
Calculate the remainder when 78916603 is divided by 1392.
1339
What is the remainder when 1709 is divided by 1490?
219
Calculate the remainder when 4933785 is divided by 13.
12
Calculate the remainder when 224252 is divided by 5092.
204
What is the remainder when 152089 is divided by 18912?
793
What is the remainder when 17291 is divided by 480?
11
Calculate the remainder when 68724524 is divided by 101.
84
What is the remainder when 22206 is divided by 3363?
2028
Calculate the remainder when 36871635 is divided by 25.
10
Calculate the remainder when 2808629 is divided by 128.
53
What is the remainder when 110671 is divided by 261?
7
What is the remainder when 284319 is divided by 1069?
1034
What is the remainder when 165148 is divided by 883?
27
Calculate the remainder when 78439 is divided by 456.
7
What is the remainder when 56553 is divided by 14006?
529
Calculate the remainder when 55167414 is divided by 146.
0
What is the remainder when 3042541 is divided by 105?
61
What is the remainder when 684389 is divided by 2290?
1969
Calculate the remainder when 377199 is divided by 18859.
19
What is the remainder when 14365 is divided by 12813?
1552
Calculate the remainder when 3923895 is divided by 1559.
1451
What is the remainder when 40930289 is divided by 553?
547
What is the remainder when 4422588 is divided by 324?
312
Calculate the remainder when 564044 is divided by 4780.
4
Calculate the remainder when 11101555 is divided by 347.
331
What is the remainder when 27932458 is divided by 12278?
8
What is the remainder when 121047881 is divided by 1108?
1097
Calculate the remainder when 115368889 is divided by 2522.
2521
Calculate the remainder when 202311 is divided by 99435.
3441
What is the remainder when 42011143 is divided by 1012?
999
What is the remainder when 312778 is divided by 62528?
138
Calculate the remainder when 40779 is divided by 6752.
267
What is the remainder when 19966786 is divided by 121?
92
What is the remainder when 7246888 is divided by 83?
75
What is the remainder when 8476566 is divided by 2896?
2870
What is the remainder when 618591 is divided by 205191?
3018
Calculate the remainder when 35248905 is divided by 251.
222
Calculate the remainder when 1400127 is divided by 1986.
1983
Calculate the remainder when 64897 is divided by 613.
532
Calculate the remainder when 4247657 is divided by 620.
37
What is the remainder when 286880 is divided by 47775?
230
Calculate the remainder when 968763 is divided by 4804.
3159
Calculate the remainder when 11357726 is divided by 11357703.
23
Calculate the remainder when 7985316 is divided by 2527.
2523
What is the remainder when 1506393 is divided by 75247?
1453
What is the remainder when 562331 is divided by 792?
11
Calculate the remainder when 8024207 is divided by 759.
59
What is the remainder when 55438 is divided by 51394?
4044
Calculate the remainder when 201716 is divided by 1363.
1355
Calculate the remainder when 2196946 is divided by 2196939.
7
What is the remainder when 239373 is divided by 158?
3
Calculate the remainder when 958223 is divided by 191340.
1523
What is the remainder when 38668 is divided by 127?
60
What is the remainder when 52184 is divided by 51498?
686
Calculate the remainder when 4023167353 is divided by 26.
23
Calculate the remainder when 233764 is divided by 5842.
84
What is the remainder when 4521196 is divided by 7485?
256
What is the remainder when 378888 is divided by 94587?
540
What is the remainder when 9934125 is divided by 64?
45
Calculate the remainder when 36944 is divided by 918.
224
What is the remainder when 3116022 is divided by 1557933?
156
What is the remainder when 42976725 is divided by 17?
11
What is the remainder when 26629452 is divided by 364787?
1
What is the remainder when 17322968 is divided by 1443575?
68
What is the remainder when 788716 is divided by 402?
394
Calculate the remainder when 1671627 is divided by 246.
57
Calculate the remainder when 482025903 is divided by 976.
975
What is the remainder when 950086 is divided by 1265?
71
Calculate the remainder when 100584576 is divided by 44.
4
What is the remainder when 1537195 is divided by 15363?
895
Calculate the remainder when 655713 is divided by 93666.
51
What is the remainder when 38390355 is divided by 62525?
5
What is the remainder when 436765 is divided by 6820?
285
Calculate the remainder when 64990 is divided by 21609.
163
What is the remainder when 6634076 is divided by 495?
86
What is the remainder when 78706 is divided by 344?
274
What is the remainder when 19928 is divided by 224?
216
What is the remainder when 4069893 is divided by 313068?
9
What is the remainder when 116619773 is divided by 171?
167
Calculate the remainder when 134384 is divided by 11406.
8918
Calculate the remainder when 1188943 is divided by 38.
37
Calculate the remainder when 28510 is divided by 4705.
280
Calculate the remainder when 66296603 is divided by 946.
923
Calculate the remainder when 1457701 is divided by 327.
262
What is the remainder when 2156739 is divided by 2156730?
9
Calculate the remainder when 3451876 is divided by 143.
142
Calculate the remainder when 404996 is divided by 3068.
20
What is the remainder when 121382115 is divided by 43?
38
Calculate the remainder when 1602014 is divided by 93.
89
Calculate the remainder when 121043 is divided by 1461.
1241
Calculate the remainder when 1378723 is divided by 1378649.
74
What is the remainder when 831481 is divided by 3465?
3346
What is the remainder when 22708882 is divided by 216275?
7
Calculate the remainder when 4214545 is divided by 268.
245
What is the remainder when 5304431 is divided by 81606?
41
Calculate the remainder when 86602 is divided by 471.
409
What is the remainder when 4555138 is divided by 1922?
1920
What is the remainder when 402747 is divided by 399895?
2852
Calculate the remainder when 216213 is divided by 255.
228
Calculate the remainder when 84200339 is divided by 2186.
2177
Calculate the remainder when 1945078 is divided by 108.
106
What is the remainder when 73533 is divided by 36743?
47
What is the remainder when 76354363 is divided by 1802?
19
What is the remainder when 271792 is divided by 2175?
2092
Calculate the remainder when 208154217 is divided by 31467.
12
What is the remainder when 1801603 is divided by 73?
36
Calculate the remainder when 20620177 is divided by 371.
368
What is the remainder when 35114237 is divided by 2297?
2295
What is the remainder when 126324 is divided by 917?
695
What is the remainder when 2086140 is divided by 482?
44
Calculate the remainder when 324449 is divided by 81111.
5
Calculate the remainder when 57543 is divided by 229.
64
Calculate the remainder when 1656571 is divided by 292.
55
Calculate the remainder when 5059 is divided by 771.
433
What is the remainder when 8579836 is divided by 647?
616
Calculate the remainder when 13283 is divided by 10384.
2899
Calculate the remainder when 27657952 is divided by 6080.
32
Calculate the remainder when 429937 is divided by 48.
1
Calculate the remainder when 28384372 is divided by 4933.
4823
Calculate the remainder when 1326520 is divided by 23271.
73
Calculate the remainder when 79076212 is divided by 3543.
3